-1356472 (base 9) to base 15
-eb13b
-345330 (base 8) to base 7
-666314
Convert -178259 (base 16) to base 4.
-11320021121
What is 1000011011010110101101 (base 2) in base 11?
1279891
Convert 133dc7 (base 14) to base 8.
2420733
Convert -112023230 (base 4) to base 14.
-25180
15242608 (base 10) to base 7
243363043
What is 146242 (base 7) in base 5?
1403342
What is 248b8 (base 14) in base 8?
256702
What is -1203100200 (base 4) in base 12?
-177340
-17358782 (base 9) to base 12
-2b05bb5
14060155 (base 7) to base 5
313334014
183526 (base 13) to base 9
1124881
10010111001101001110 (base 2) to base 13
188b99
What is -140233143 (base 5) in base 8?
-2555771
Convert -10410104231 (base 5) to base 9.
-23420442
-201220012221001 (base 3) to base 12
-365b324
Convert -a2573 (base 12) to base 14.
-5719d
Convert 111020201 (base 3) to base 13.
451c
-10110220313 (base 4) to base 8
-4245067
What is 62364 (base 8) in base 4?
12103310
104325 (base 6) to base 3
110000122
99a141 (base 11) to base 15
217789
Convert -133110033101 (base 4) to base 13.
-1915814
Convert 7222644 (base 9) to base 16.
3acbeb
What is -1022070 (base 10) in base 4?
-3321201312
What is -11233332321 (base 4) in base 8?
-5577671
What is -1108466 (base 9) in base 16?
-91ae2
144978 (base 10) to base 11
99a19
What is -22b1a (base 16) in base 15?
-2c18b
Convert 120296 (base 14) to base 13.
187017
Convert 26458 (base 16) to base 7.
1222012
What is 248516a (base 12) in base 13?
1630a86
Convert 13760607 (base 8) to base 6.
151131235
Convert a70b5 (base 12) to base 5.
24011333
What is 875c9 (base 15) in base 8?
1507563
10000112020021 (base 3) to base 9
3015207
What is -3022214 (base 6) in base 7?
-1134061
Convert 209026 (base 11) to base 8.
1214435
What is 6479c7 (base 14) in base 4?
30332200123
What is -6020315 (base 10) in base 4?
-112331303123
-4f14f (base 16) to base 2
-1001111000101001111
Convert -101110110001011100 (base 2) to base 12.
-92a50
120011203 (base 4) to base 3
12000100001
What is 3b9523 (base 12) in base 2?
11110001111010101011
What is -11101101010001010111 (base 2) in base 4?
-3231101113
Convert 7305c2 (base 16) to base 5.
3412204424
468515 (base 9) to base 4
1010303111
Convert -450353254 (base 6) to base 7.
-126156106
What is 230544 (base 8) in base 11?
53813
-563600 (base 7) to base 6
-2045512
Convert -8067146 (base 10) to base 8.
-36614112
-317192 (base 10) to base 3
-121010002212
Convert -254986 (base 14) to base 11.
-7a513a
Convert -252874 (base 11) to base 9.
-667313
Convert -375403 (base 8) to base 13.
-47103
-1111010101000101001101 (base 2) to base 12
-1419639
What is 332431 (base 5) in base 6?
125440
What is 221062662 (base 7) in base 10?
13309767
-4910a (base 11) to base 12
-34a96
Convert 132487 (base 16) to base 10.
1254535
What is 3434210 (base 6) in base 11?
110181
-10032301220 (base 4) to base 11
-69830a
What is 110caa9 (base 14) in base 4?
132322013331
-bb0648 (base 12) to base 14
-572d72
Convert -131303413 (base 7) to base 15.
-b1045a
Convert -38121 (base 16) to base 8.
-700441
6074a (base 11) to base 7
516511
330533 (base 8) to base 10
110939
30a48 (base 12) to base 6
1210532
Convert -35ce5 (base 15) to base 5.
-20443130
-676175 (base 8) to base 15
-47a6c
Convert -1212034 (base 9) to base 6.
-22032221
Convert 36515 (base 15) to base 13.
60b36
Convert -c03e2 (base 15) to base 7.
-5112503
333322322 (base 4) to base 13
9222b
-634220 (base 9) to base 12
-162269
Convert -44580 (base 10) to base 6.
-542220
Convert -11122211001 (base 3) to base 8.
-263110
Convert 31143230 (base 5) to base 11.
165427
What is 30514342 (base 6) in base 3?
1122202110222
-3030202123 (base 4) to base 2
-11001100100010011011
-1343300 (base 5) to base 2
-110110100101110
Convert -1031012101 (base 4) to base 16.
-4d191
-97a17 (base 11) to base 15
-2c279
Convert -c970 (base 13) to base 11.
-1a023
Convert c5b5c (base 14) to base 16.
74716
214411 (base 9) to base 6
2424101
Convert -12044015 (base 6) to base 5.
-44114212
-1213321223 (base 4) to base 6
-13042135
What is 4232334 (base 7) in base 3?
222000201000
What is -32a1c (base 13) in base 9?
-148821
Convert 657568 (base 9) to base 16.
5fddd
Convert 4844229 (base 10) to base 16.
49eac5
What is 11011110000000 (base 2) in base 6?
145440
What is 65750 (base 11) in base 9?
154773
-6e9b1 (base 15) to base 9
-587434
What is 20102422 (base 5) in base 6?
3231305
Convert 1412789 (base 13) to base 3.
102221102101122
Convert 1a042b (base 12) to base 13.
12cbc9
Convert -24012011 (base 7) to base 2.
-1000000101110001001001
What is 3a72 (base 12) in base 3?
100012112
What is -139314 (base 10) in base 3?
-21002002210
-2767456 (base 9) to base 10
-1521069
11111010011110100001 (base 2) to base 13
29bc96
What is -11c154 (base 14) in base 10?
-609438
What is -141545a (base 11) in base 14?
-4764b0
What is 2eb732 (base 15) in base 2?
1000101001010010000111
What is -146c889 (base 14) in base 3?
-200201022021100
Convert 1721557 (base 12) to base 16.
48cfd3
What is 3104334 (base 5) in base 10?
50594
-23144230 (base 6) to base 13
-1bcb52
Convert -220201220020 (base 3) to base 8.
-1666761
What is 3156524 (base 7) in base 8?
1356120
Convert -a525d4 (base 16) to base 14.
-161a404
What is -1340343211 (base 5) in base 6?
-201535154
What is b6524 (base 15) in base 11?
365523
Convert -2f265 (base 16) to base 3.
-100210220210
What is -31203203130 (base 4) in base 2?
-1101100011100011011100
Convert -43500343 (base 6) to base 10.
-1298727
Convert -44a7 (base 14) to base 6.
-131043
What is 205030 (base 7) in base 8?
105026
Convert -4975227 (base 10) to base 13.
-105272a
What is -6157d (base 14) in base 13?
-82876
38072 (base 9) to base 10
25580
Convert -2320111321 (base 4) to base 9.
-1370671
3be162 (base 15) to base 10
2882567
-136374 (base 12) to base 3
-121100121021
What is 916ba2 (base 14) in base 13?
10262b0
Convert -257221 (base 11) to base 5.
-100424024
11402301 (base 6) to base 3
200012102001
-52075 (base 9) to base 6
-422535
Convert 250112 (base 7) to base 8.
131155
-15783c (base 16) to base 3
-2122111002110
What is 2130101030 (base 4) in base 11?
3a7998
What is 2d249 (base 15) in base 11?
9a474
What is -12001033 (base 6) in base 16?
-5b2ed
Convert 27265217 (base 8) to base 16.
5d6a8f
Convert -1310414 (base 7) to base 6.
-3354102
Convert 2234344 (base 6) to base 13.
3ca12
110011101110011111010 (base 2) to base 5
413214340
729577 (base 10) to base 3
1101001210101
Convert -49112 (base 11) to base 16.
-11415
Convert -4111103 (base 7) to base 14.
-ca903
What is -201003133 (base 4) in base 16?
-210df
-14155240 (base 7) to base 5
-314343132
Convert -10000010111100111101 (base 2) to base 7.
-4362536
What is 50355356 (base 7) in base 6?
225345152
-1999434 (base 10) to base 3
-10202120201010
Convert 1221233 (base 5) to base 7.
124661
Convert 10423 (base 8) to base 13.
1cb3
What is -1091241 (base 11) in base 13?
-5190b6
Convert ae7642 (base 16) to base 2.
101011100111011001000010
-3b014 (base 12) to base 7
-455554
Convert -72bf13 (base 16) to base 9.
-15131466
What is 200122210200 (base 3) in base 11?
230a34
-36bae (base 15) to base 10
-174764
27802 (base 14) to base 5
11110420
4263512 (base 7) to base 2
1111110111011011011
What is -1af8d2 (base 16) in base 3?
-10022210201221
-140092 (base 12) to base 3
-121212021002
-229931 (base 12) to base 2
-10000111101111110101
What is -6232b5 (base 12) in base 3?
-2220020120202
Convert -2044343 (base 5) to base 3.
-1202010011
What is -1a35c (base 16) in base 3?
-12110021011
Convert 20110400 (base 5) to base 9.
263548
Convert 58768c (base 13) to base 10.
2101462
What is 124701 (base 11) in base 2?
101111111110011001
What is -936654 (base 11) in base 15?
-1ea138
Convert -923742 (base 10) to base 2.
-11100001100001011110
6481786 (base 9) to base 2
1101010001010010110000
Convert -43c83 (base 16) to base 8.
-1036203
1001503 (base 6) to base 15
de20
222114041 (base 5) to base 8
3554335
Convert -1e763 (base 16) to base 12.
-60257
Convert 100111212111022 (base 3) to base 7.
60655310
-356267 (base 16) to base 13
-9565a0
-634715 (base 9) to base 16
-5c282
Convert 6c9779 (base 13) to base 16.
278b3a
What is -124a14 (base 14) in base 10?
-627610
-28550 (base 11) to base 15
-c060
Convert 22522 (base 14) to base 15.
19a55
What is -22230130121 (base 4) in base 12?
-b3